-17*l**2 + 5*l - 9. Let d(x) = -4*r(x) + 7*y(x). What is d(w)?
5
Let w be (-2 + 12)/(-2 + 4). Suppose -g + 0*g - w = 0. Let x = 8 + g. Let q(i) = 3*i - 2. Give q(x).
7
Let h(y) = y - 2. Let g be (6/10)/((-2)/(-20)). Calculate h(g).
4
Let m(s) = 4*s**2 - 7*s + 9. Let k(c) = -c**2 + 2*c**2 - 4 - 2*c + 6 + 0*c**2. Let d(j) = j + 8. Let i be d(-10). Let t(l) = i*m(l) + 9*k(l). Calculate t(4).
0
Let k(w) = w - 1. Let f = -3 - -7. Suppose 0 = -f*q + q. Calculate k(q).
-1
Suppose -r = 2*r - 18. Let p(n) = 14*n - 3 + r - 12*n. Calculate p(-5).
-7
Let o(y) = y**2 - 3*y + 2. Suppose 0 = -f - 10 + 15. Give o(f).
12
Let i be (-2)/3*(-21)/14. Let a be 49/7 - 2*i. Let t(y) = 2*y - 7*y**2 + y**2 + y**3 - 7 + y**2. Calculate t(a).
3
Let c(s) = -3*s + 1. Let p be (-4 + 3)/(2/(-6)). Let h = 0 + p. Determine c(h).
-8
Let i(m) = -17 - 5*m + 6 + 6*m. What is i(12)?
1
Let j(x) = -x**3 + 11*x**2 + 14*x - 13. Let m be j(12). Suppose -14*p - 9 = -m*p. Let v(u) = u**3 + u**2 - 3*u + 4. Determine v(p).
-5
Let q(u) = 1 - 2*u - u + u**2 - 8. Let p be q(5). Let g(j) = -3 + 6 + 5*j - 2*j**2 - 5. Determine g(p).
-5
Let c be 12/12 + -1*5. Let q(b) be the second derivative of b**5/20 + 5*b**4/12 + b**3/2 - b**2/2 - b. Calculate q(c).
3
Let h(z) = z**3 - 6*z**2 + 5*z. Let x be 0 + 2 - (-2 - 1). Give h(x).
0
Let w(c) be the third derivative of c**4/24 - 5*c**3/3 + 5*c**2. Let l = 12 + -5. Calculate w(l).
-3
Suppose 24*x = -80 + 8. Let a(v) be the second derivative of -v**3/6 - v**2/2 - v. Calculate a(x).
2
Let y be (-7)/5 - (-4)/10. Let d be y/((-9)/6 - -2). Let w(u) = 3*u**2 - 38 + 40 - u + 0*u + 4*u. Determine w(d).
8
Let o(v) = -v**3 + 2*v**2 + 1. Suppose j = 4*f - 3*f - 1, 5*f - 3*j - 7 = 0. Calculate o(f).
1
Let r(a) = a**3 - 4*a**2 - 7*a - 1. Suppose -3*s + 3*p = -p - 19, 2*s - 11 = p. What is r(s)?
-11
Let y(g) be the third derivative of -g**4/12 - g**3/3 - 4*g**2. Determine y(3).
-8
Let j(h) = -h**3 + 4*h**2 + 5*h + 4. Let p(l) = -3*l**3 + 13*l**2 + 16*l + 11. Let f(c) = -8*j(c) + 3*p(c). Determine f(8).
1
Let t = -16 - -20. Let b(o) = -o + o**2 - t*o - 12 + 6. What is b(5)?
-6
Let b be (-23)/(-7) - 2/7. Suppose -b*p + 15 = 2*p. Let a(k) = -k - 41 + 85 - 42. What is a(p)?
-1
Let s(f) = 3 + 16*f**2 - f - 8*f**2 - 4. Determine s(-1).
8
Let b(w) = 5*w + 2. Let n = 4 - -5. Let a be (n/(-2))/((-3)/(-4)). Let u be 1/(a/4 - -1). Give b(u).
-8
Let i be 77 - 79 - (0 - 2)/1. Suppose -5*t - 4 = 1. Let f(b) = b**2 + b - 1. Let r(j) = -j**3 - 4*j**2 - 5*j + 4. Let a(l) = t*r(l) - 5*f(l). Give a(i).
1
Let y(w) = w + 2*w**2 + 0*w**2 - 6*w**2 - w**3 + w**2 + 2. Give y(-2).
-4
Suppose 3 = 3*d - 2*n, -3*d + 0*n + n = 0. Let s be (-2)/(2/2 - d). Let x(t) = t - 3. Let z(v) = -v + 2. Let c(l) = 4*x(l) + 5*z(l). What is c(s)?
-1
Let u be 9 - (4 + 0/5). Let z(d) = d**3 - 4*d**2 - 7*d + 2. What is z(u)?
-8
Let n(o) = 5*o**2 + 8*o + 1. Let i(u) = -u**2 - u + 1. Let a(k) = 4*i(k) + n(k). Calculate a(-6).
17
Let w(k) be the third derivative of -k**4/12 + 2*k**3/3 + 31*k**2. Determine w(6).
-8
Let i(o) = 3 - 1 - o - 2*o**3 + o**3 + o**2. Let b(f) = -2*f + 28. Let r be b(13). What is i(r)?
-4
Suppose 5*i + 38 = -c, 4*c + 3*i + 17 = -135. Let m = -24 - c. Suppose 5*p - m = z, -3*z - 2 = 5*p - 0. Let b(n) = -n**3 + 3*n**2 + 3*n - 2. What is b(p)?
8
Let o(i) = -3*i - 7. Let x(b) = b. Suppose 0*a = -5*h + 5*a - 25, -7 = -h - 3*a. Let l(j) = h*x(j) - o(j). Calculate l(0).
7
Let q(k) be the second derivative of -k**4/12 - k**3/3 - 3*k**2/2 - 24*k. Give q(-2).
-3
Suppose -3 = -u, 3*s = -0*s + u. Let o(c) = c**3 + c - 1. Determine o(s).
1
Let f = 26 + -17. Suppose -3*x + 5 = -1. Let v(s) = s - f*s**x - s. What is v(1)?
-9
Let t(v) = -8*v - 3*v - 4 + 8*v. Give t(-6).
14
Let d be ((-20)/(-6) + -2)/((-20)/(-90)). Let x(y) = -3*y + 7. Calculate x(d).
-11
Let l(d) be the first derivative of -2*d**2 + 2 + 1/3*d**3 + 2*d. Give l(5).
7
Let t be (-148)/(-18) - (-14)/(-63). Let u(c) = c**3 + t + 7*c - 6*c**2 - 8. What is u(5)?
10
Let m(y) = 0*y**2 + 8*y**2 + y + 1 - 3*y**2. Let q(t) = -t**2. Let g(w) = m(w) + 6*q(w). Give g(-2).
-5
Let g(h) be the first derivative of -h**4/4 + 2*h**3 + h**2/2 - 2*h - 10. What is g(6)?
4
Let q(r) be the third derivative of 0 + 4*r**2 + 1/2*r**3 + 1/24*r**4 + 0*r. Let w = -6 + 3. Calculate q(w).
0
Let t(g) = -4 + 16 + 2*g**3 + 9*g**2 - 10*g - 3*g**3. Let w be t(8). Let v(l) = -5*l**2 + 2*l**2 + 2*l**2 + 1 - 3*l. Determine v(w).
-3
Let m(i) = -i**3 + 7*i**2 - 5*i - 3. Suppose -3*x + 0*f = -3*f - 3, 4*f = -20. Let g(p) = p**3 + 2*p**2 - 10*p - 2. Let v be g(x). What is m(v)?
3
Let a(m) be the first derivative of -m**5/20 - m**4/24 + m**3 - 2. Let g(y) be the third derivative of a(y). What is g(1)?
-7
Let i(w) = 10*w**3 + 2*w**2 - 2*w + 1. Let f(k) = 9*k**3 + k**2 - k + 1. Let g(p) = 3*f(p) - 2*i(p). What is g(-1)?
-8
Let r(s) = -7*s**2 - 3*s - 2. Suppose -2*y = -89 + 93. Calculate r(y).
-24
Let s(f) = -f**3 + 4*f**2 - f - 2. Let g be s(3). Let y(r) = r**2 - 2*r - 8. Let n be y(-7). Let u(q) = -25 - 31 + 3*q - 2*q + n. Give u(g).
3
Suppose -12 = -0*t - 2*t. Let u(q) = -11 + 1 + 13*q - 6*q - t*q. What is u(0)?
-10
Let q(a) = a**2 + 4. Let k be 13/(-26) + 5/(-2). What is q(k)?
13
Let v = -9 - -9. Suppose v = -h + 5*h. Let k(t) = -t**2 + 2*t + h*t**2 - 3 + 2*t**2 - 2*t**2. Determine k(2).
-3
Let c(l) = l**3 - 3*l**2 + l + 2. Suppose 2*a - 15 = -a. Let q = 9 - a. Suppose 5*k - 2 + 7 = 0, q*d - 10 = -2*k. Calculate c(d).
5
Let g = -8 - -18. Suppose 2*r = -2 + g. Let t(c) = 9*c - 4. Let l(x) = 19*x - 8. Let v(j) = -6*l(j) + 13*t(j). Calculate v(r).
8
Let b(k) be the second derivative of 0 + 1/3*k**3 + k**2 + 2*k. Suppose -3*v + 6*a - 3*a + 6 = 0, 0 = 2*v + 5*a - 4. What is b(v)?
6
Let q(t) = 26 + 10*t + t**3 - 9 + 6*t**2 - 3*t - 18. Let v be 6/(-2 - -1) - -1. Give q(v).
-11
Let n be (-21)/(-6) + (-10)/(-20). Let p(k) = 4*k + 1. What is p(n)?
17
Let r(y) = -9 - y + 106*y**2 + 10*y - 107*y**2. Give r(6).
9
Let h be (12/9)/((-4)/(-9)). Let p(o) = -o**3 + 4*o**2 - 3*o + 1. Give p(h).
1
Let o be -6*-2*(-1)/(-6). Let p = o - 5. Let t = p - -6. Let c(s) = -s + 7. Determine c(t).
4
Let d = 6 + -8. Let s(k) = -2*k - 3. Give s(d).
1
Let w(y) = y + 6. Let c be (-1)/(1 - (-1 + 22/12)). What is w(c)?
0
Suppose 0*v = -4*v. Suppose -41 = 4*x + 5*z, v*x - x + 6 = -2*z. Let k(d) = -d**3 - 3*d**2 + 5*d + 6. Determine k(x).
2
Let o be (-4)/4*(-3 - 0). Let z(t) = -t**3 + 3*t**2 + t + 1. Determine z(o).
4
Let x(i) = -9*i - 1. Suppose 0 = -q - 4*b - b + 8, 5*q + 6 = -2*b. Calculate x(q).
17
Let x(y) = 7*y - 5. Let a(o) = 13*o - 9. Let l(v) = 6*a(v) - 11*x(v). Determine l(-2).
-1
Let u(a) = a**2 - 5*a + 3. Let p be 1/2 + 26/4. Suppose -p*z = -4*b - 2*z + 13, -4*z = 2*b. Let h be u(b). Let g(m) = -m**3 - 2*m**2 + 2*m + 1. Calculate g(h).
4
Let j(l) = l**3 + 3*l**2 - l + 5. Let k(z) = -6 + z - 10*z**3 - 8*z**3 + 17*z**3 - 2*z**2. Let m(p) = -3*j(p) - 4*k(p). Give m(0).
9
Let h be 3/(-2)*(-2)/3. Let s be 9/15*(-5)/h. Let g be (s/((-9)/(-6)))/(-2). Let w(k) = -2*k**3 - 2*k + 1. Give w(g).
-3
Let y(f) = f - 1. Let g(u) be the first derivative of 7*u**2/2 - 5*u - 1. Let m(b) = -g(b) + 5*y(b). Let c(a) = -a**2 - 7*a - 3. Let w be c(-6). Calculate m(w).
-6
Let d = -10 + 3. Let r = -3 - d. Let h(m) = 3 - 2*m + 3 - 5. Determine h(r).
-7
Suppose 4*w = w + 3. Suppose -5*x = 3*t - 0*t, 2*x = 2*t + 16. Let j(k) = -x - 1 + 2*k + 3*k + 5. What is j(w)?
6
Let l(c) be the third derivative of c**6/120 - c**5/30 - c**4/6 + c**3/3 + 5*c**2. What is l(3)?
-1
Let s(v) be the second derivative of 0*v**3 - 2*v + 0*v**5 + 1/3*v**4 + 0*v**2 + 0 - 1/240*v**6. Let n(l) be the third derivative of s(l). What is n(-2)?
6
Let b(o) be the second derivative of -o**5/20 + 5*o**4/12 + o**3 - 9*o**2/2 - 38*o. Calculate b(6).
-9
Let f(k) = -2*k**2 + 5*k + 5. Suppose -29*j + 5 = -28*j. Determine f(j).
-20
Let m be 3 - (1 - 0)/1. Let o(j) = j**m + 0 - 3 + 0 - j. Determine o(0).
-3
Let m = 35 - 37. Let w(a) = -3*a**2 - 3*a - 2. What is w(m)?
-8
Suppose 8*q + 8*q = 96. Let p(r) = r**2 - 3*r - 6. Give p(q).
12
Let h(j) = 3*j**3 - 4*j**2 - j + 2*j**2 - 2*j**3 + 7*j**2. Calculate h(-5).
5
Let p(b) = 3*b + 3. Suppose 4*j + 17 = 5*q + 1, 0 = -3*q - 12. Let a(i) = i + 7. Let t be a(j). What is p(t)?
-3
Let b(g) = -15*g**2 - 1. Let x = -88 - -89. Give b(x).
-16